) - (-10)/m. List the prime factors of (-108)/(-10) + n/(-10).
11
Let k be ((-52)/(-20) - 3)*-15. Suppose 5*o + n - 16 = 0, -k - 1 = -3*o + 2*n. What are the prime factors of o?
3
List the prime factors of ((-28284)/(-54) - -4) + (-6)/(-27).
2, 3, 11
Let g(r) = r**3 + r**2 - r + 42. Let f be -4 + 3 + -1 + 2. Let q be g(f). Suppose -3*y - 4*o - 81 = -8*y, -2*y + 4*o = -q. List the prime factors of y.
13
Let o be (0/(-3))/(0 + -2). Suppose -2*k + 234 = -o. List the prime factors of k.
3, 13
Let y = 171 - 132. List the prime factors of y.
3, 13
Let d be (84/8)/((2 + 1)/(-6)). What are the prime factors of (118/6)/((-7)/d)?
59
Let b(p) be the third derivative of 1/2*p**3 + 0*p + 2*p**2 + 1/10*p**5 - 1/120*p**6 + 0 + 1/12*p**4. What are the prime factors of b(6)?
3, 5
Let p = 4 + 5. List the prime factors of p - (-3 + 0 + 4).
2
Let l(n) = 36*n**2 + 2*n - 1. Suppose -x - 3 = -4*x. Let z be l(x). Let v = z - 20. What are the prime factors of v?
17
Let p(t) = 4*t - 4. Let a(h) = -h**2 - 4*h + 4. Let l(c) = -2*a(c) - 3*p(c). What are the prime factors of l(-5)?
2, 37
Suppose 0 = -f + 338 + 668. List the prime factors of f.
2, 503
Let j = 4 + -12. Let o(q) = q**2 - 2*q + 8. List the prime factors of o(j).
2, 11
Let p = 174 - 94. Suppose -11 + p = k. What are the prime factors of k?
3, 23
Let x(t) = -t**3 + 9*t**2 - t + 13. Let q be x(9). Suppose -a - 3*a = q*l + 324, 328 = -4*a - 5*l. Let b = -46 - a. What are the prime factors of b?
31
Let d(n) = -5*n**3 - 13*n - 22. List the prime factors of d(-4).
2, 5, 7
Suppose 0 = -5*m + 156 - 1. Suppose 5*k - 251 = -m. What are the prime factors of k?
2, 11
Let w(r) be the first derivative of -7*r**2/2 - 6*r - 3. Let i be w(-10). Suppose n = 3*n - i. What are the prime factors of n?
2
Let v be (6/(-4))/(18/(-60)). Suppose -4*n + 3*h = -24, 23 = -4*h + 7. Suppose -2*x + x + 23 = -v*f, n*x + 3*f = 123. What are the prime factors of x?
2, 19
Let m = 87 + -6. What are the prime factors of m?
3
Suppose 0*f + f - 1 = 0, 0 = 2*z - f + 5009. List the prime factors of z/(-20) + 2/(-10).
5
Let p be 10/(-20) + 202/4. Suppose -s = 4*t - 2*t - p, 200 = 4*s - 3*t. What are the prime factors of s?
2, 5
Suppose -5*y = 4*m - 12, 0 = -2*y + y + 4*m - 12. Let k = 2 - y. Suppose -92 = -6*j + k*j. What are the prime factors of j?
23
Suppose -2*q + 5*r = 5, -2*q + 3*r - 3 = 2*q. Let l = 48 + q. List the prime factors of l.
2, 3
Suppose 0 = 3*d + 2*d. Let l(k) = 11 - k**3 + k**3 - k + k**3 + 9. List the prime factors of l(d).
2, 5
Suppose -2*b - k = -4*k - 9, 50 = 5*b - 2*k. What are the prime factors of 25 + (2/(-4) - (-18)/b)?
2, 13
Let i = 100 + 198. List the prime factors of i.
2, 149
Let a be 4564/(-3) - (-8)/6. List the prime factors of (-2)/6 + 1 - a/15.
2, 3, 17
Let t = 242 + 120. Suppose 3*x - 270 = -3*p, 4*p - t - 4 = -2*x. What are the prime factors of p?
3, 31
Let d(m) = m**2 + 11*m - 42. Let f be d(3). Let g = 1 - 3. What are the prime factors of 225/9 - f/g?
5
Suppose 0*z - 4*g = -3*z + 1578, 3*z + 5*g = 1605. List the prime factors of z.
2, 5, 53
Let g(p) = 25*p - 25. Let l be g(4). Let a = -14 + l. What are the prime factors of a?
61
Let c = 18853 - 13055. List the prime factors of c.
2, 13, 223
Let t = -20 - -87. Suppose 3*y - 5 = t. Suppose 3*s - y = 3*b, 5*b = -4*s - 1 - 3. What are the prime factors of s?
2
List the prime factors of (54/10)/(93/8835).
3, 19
Suppose 0 = 4*k - 3 + 7, 5*k = 4*f - 9. Let b(c) = 144*c**3 + 2*c**2 - c. List the prime factors of b(f).
5, 29
Let s be 58/5 - 1/((-5)/(-3)). Suppose 4*o - 321 = s. List the prime factors of o.
83
Suppose -5*a - 3*n = -86 - 4, 3*a + 5*n - 38 = 0. Suppose 17*w = a*w - 240. List the prime factors of w.
2, 3, 5
Let d(g) = g**2 - 7. Suppose 8 = 3*o - 4*j, -3*j - 12 = -2*o - 2*j. Let f = o + -3. List the prime factors of d(f).
2, 3
Let s(x) = 6*x**2 - 4*x**2 + 0*x**2 + 1. Let r be (-3)/2 + (-1)/2. List the prime factors of s(r).
3
Suppose -41*m = -37*m - 12. Suppose 17 - 95 = -2*i + 2*u, 120 = m*i - 4*u. List the prime factors of i.
2, 3
Let n = -12 + 20. Suppose 11*f - 16*f = -25. Let t = n - f. What are the prime factors of t?
3
Let x(b) = 25*b - 27. List the prime factors of x(19).
2, 7
What are the prime factors of 900*(200/16 + -11)?
2, 3, 5
Let t be (-108)/(-8)*4/6. What are the prime factors of 45*(-5)/((-75)/t)?
3
Let c(z) = z**2 + 14*z + 2. Let k be c(-18). Let h(n) = 2*n**2 + 9*n. Let a be h(-6). List the prime factors of k/3 - 12/a.
2, 3
Let r = 825 + -238. List the prime factors of r.
587
Let k = 9 - 8. Suppose 3*g - 286 = -k. Let i = g + -56. List the prime factors of i.
3, 13
Suppose -z + q - 43 = -2*z, -5*z + 239 = -3*q. Suppose t + 10 - z = 0. List the prime factors of (-3)/((-40)/t + 1).
3
Suppose 5*p - 1 - 22 = z, 18 = -z + 4*p. Suppose -x - z*x + 45 = 0. Let t = 22 - x. What are the prime factors of t?
7
Let q = 29 - 27. Suppose q*p = 48 + 102. Let h = p - 43. List the prime factors of h.
2
What are the prime factors of (-8)/(-32 + -8) + (-4218)/(-10)?
2, 211
Let r(w) = -2*w - 5. Let o be r(-4). Suppose -u = 0, -o*u - 4 - 2 = -2*f. Suppose -f*q + 47 = -1. List the prime factors of q.
2
Let f(d) = -377*d - 1473. What are the prime factors of f(-13)?
2, 857
Suppose -912 = 6*l - 9*l. What are the prime factors of l?
2, 19
Let m = -81 - -81. Suppose 6*a - 16*a + 1730 = m. What are the prime factors of a?
173
Suppose -247*b + 256*b - 22869 = 0. What are the prime factors of b?
3, 7, 11
Let g(i) = -i - 3*i**3 - 6 + 5*i**2 - i**3 + 14. Let x(s) = 5*s**3 - 5*s**2 + 2*s - 8. Let a(w) = -6*g(w) - 5*x(w). List the prime factors of a(-6).
2, 13
Let w(o) = -8*o**3 - o**2 - 2*o. Suppose 1 - 7 = 3*u. Let y be w(u). What are the prime factors of (-4)/30 - y/(-30)?
2
Suppose 13*g - 13 = 5*c + 9*g, g = 2. What are the prime factors of 62 + 51/17 + c + -4?
2, 3, 5
Suppose 8*h = 7*h + 82. Let z = h - -17. What are the prime factors of z?
3, 11
Suppose w = 1393 + 355. What are the prime factors of w?
2, 19, 23
Suppose 2*b = -p + 188, p = -5*b + 4*p + 481. What are the prime factors of b?
5, 19
Let y(c) = -c**3 - 3*c**2 + 3*c + 1. What are the prime factors of y(-8)?
3, 11
Let h(f) = -2*f**3 - 2*f**2 + 2*f. Suppose 0 = 2*n - 0*n - 2*a + 12, 18 = -n + 5*a. List the prime factors of h(n).
2, 3, 5
What are the prime factors of (-374)/(8 + -2 - 8)?
11, 17
Suppose -51405 = -28*n + 5*n. What are the prime factors of n?
3, 5, 149
Let p = 9919 - 7007. What are the prime factors of p?
2, 7, 13
Suppose -2*d - 6*b + 1957 = -11*b, d - 983 = b. List the prime factors of d.
2, 17, 29
Let o = -878 + 1499. What are the prime factors of o?
3, 23
Suppose 2*v = 8*v + 174. Let l = -18 - v. List the prime factors of l.
11
Suppose -13*d = -9*d + 28. Let m(t) = t**2 + t - 5. What are the prime factors of m(d)?
37
Let f(k) be the second derivative of -k**4/4 + k**3/6 - 3*k**2 + 10*k. Let c(x) be the first derivative of f(x). What are the prime factors of c(-5)?
31
Let i(r) = 4*r**2 - 4*r**3 - 3 + 2*r + 3*r**3 + 0*r**2. Let y(c) = c + 18. Let z be y(-14). List the prime factors of i(z).
5
Suppose 630 = 4*y - 3*o, -o = -y - 2*o + 154. Let p = y - 0. What are the prime factors of p?
2, 3, 13
Let h be (-5 + -1)*1/(-2). Let v = h + 0. Suppose 4*d = 12, 3*f - 45 = v*d - 2*d. What are the prime factors of f?
2
Suppose 0 = 20*q + 3231 - 11271. What are the prime factors of q?
2, 3, 67
Suppose 4*j + 1104 = g, j = -9*g + 6*g + 3338. What are the prime factors of g?
2, 139
Let t = 13 + 7. Suppose 3*d = -d, -4*r - 4*d = -t. Suppose -92 - 203 = -r*k. What are the prime factors of k?
59
Suppose 5*z = -g - 17, 8*z - 3*z + 23 = -4*g. Let k be 1/((-6)/633)*g. Suppose -6*m + k + 29 = 0. What are the prime factors of m?
2, 5
Let q(x) = 8 + 0*x - 2*x + 5 + 3*x. Let z be q(-9). Let k = 14 + z. List the prime factors of k.
2, 3
Suppose -503*i + 432 = -497*i. List the prime factors of i.
2, 3
Let l(x) = 624*x - 29. List the prime factors of l(1).
5, 7, 17
Suppose 0*f + f + 7 = -m, 5*m + 4*f + 38 = 0. What are the prime factors of (3/((-30)/164))/(4/m)?
41
Suppose 0 = 3*b - 10923 - 1056. What are the prime factors of b?
3, 11
Suppose 5*a = 5*y + 1055, 3*a + 0*a = -2*y + 613. Suppose -f + a - 81 = 0. List the prime factors of f.
2, 3, 7
Suppose 0 = -5*c + 4*b + 74, -2*c - 5*b + 37 = c. Let m(t) = -t**3 + 17*t**2 